{"id":2561,"date":"2017-12-30T10:25:44","date_gmt":"2017-12-30T09:25:44","guid":{"rendered":"http:\/\/grundschule-zewen.de\/?page_id=2561"},"modified":"2025-08-25T10:42:16","modified_gmt":"2025-08-25T08:42:16","slug":"schulpartnerschaft","status":"publish","type":"page","link":"https:\/\/grundschule-zewen.de\/?page_id=2561","title":{"rendered":"Schulpartnerschaft"},"content":{"rendered":"<p>Als bilinguale Grundschule nehmen wir teil am<a href=\"http:\/\/euregio.lu\/de\/netzwerk-grundschulen\/\" target=\"_blank\" rel=\"noopener noreferrer\"> Netzwerk zwischen Grundschulen in der Gro\u00dfregion<\/a>.<\/p>\n<p><a href=\"http:\/\/grundschule-zewen.de\/wp-content\/uploads\/2017\/12\/flyer-Schulen_2018.pdf\" target=\"_blank\" rel=\"noopener noreferrer\">Hier<\/a> gelangen Sie zu einem Informationsblatt in deutscher Sprache.<br \/>\n<a href=\"http:\/\/grundschule-zewen.de\/wp-content\/uploads\/2017\/12\/flyer_ecoles_2018.pdf\" target=\"_blank\" rel=\"noopener noreferrer\">Hier<\/a> gelangen Sie zu einem Informationsblatt in franz\u00f6sischer Sprache.<\/p>\n<p><span style=\"color: #000000;\">Im Rahmen dieses Netzwerkes haben wir aktuell eine Schulpartnerschaft mit der<br \/>\n<strong>Ecole primaire Sablon LA SEILLE<\/strong><br \/>\n<strong>199 avenue Andr\u00e9 Malraux<\/strong><br \/>\n<strong>F &#8211; 57000 Metz<br \/>\n<\/strong><\/span><b>T\u00e9l. : <\/b>0357848017<br \/>\n<b>Email :<\/b> <a href=\"mailto:  ce.0573390A@ac-nancy-metz.fr\">ce.0573390A@ac-nancy-metz.fr<\/a><span style=\"color: #000000;\"><br \/>\n<\/span><\/p>\n<p><span style=\"color: #000000;\">Vorher hatte wir eine Schulpartnerschaft mit der<\/span><br \/>\n<strong>Ecole El\u00e9mentaire Stanislas<\/strong><br \/>\n(Directeur&nbsp;Jean-Jacques PETIN)<br \/>\n<strong>58bis, rue Raymond Poincar\u00e9<\/strong><br \/>\n<strong>F &#8211; 54000 NANCY<\/strong><br \/>\n03.83.25.52.50<br \/>\n<a href=\"mailto:ce.0542004k@ac-nancy-metz.fr\">ce.0542004k@ac-nancy-metz.fr<\/a><\/p>\n<p><span style=\"color: #000000;\">Mit dieser Schule in Nancy hatten wir unter anderem Sch\u00fclerbegegnungen am <\/span>:<br \/>\n<strong>\u2013 15. November 2022 (an der Ecole El\u00e9mentaire Stanislas) &nbsp;und<br \/>\n\u2013 29. November 2022 (an der Grundschule Trier-Zewen)<br \/>\n<\/strong><strong>[jeweils als eint\u00e4gige Sch\u00fclerbegegnung].<\/p>\n<p><\/strong><span style=\"color: #000000;\">Wir halten reale Sch\u00fclerbegegnungen f\u00fcr sehr wichtig; aus schulischen Gr\u00fcnden ist jedoch von franz\u00f6sischer Seite aus im Schuljahr 2025\/2026 keine Sch\u00fclerbegegnung m\u00f6glich. Wir arbeiten aber weiterhin eng zusammen mit Videokonferenzen und Briefen.<\/span><span style=\"color: #000000;\"><strong><br \/>\n<\/strong><\/span><\/p>\n<p>Leider konnten aufgrund der Coronavirus-Pandemie die f\u00fcr das Schuljahr 2019\/2020 geplanten Sch\u00fclerbegegnungen zwischen unserer Klassen 4b und der CE4\/CM3 der <strong>\u00c9cole primaire publique \u00e0 Buding<\/strong> (37 Rue de l&#8217;\u00c9glise, 57920 Buding) nicht wie geplant stattfinden (30. M\u00e4rz 2020 [an der Grundschule Trier-Zewen] und&nbsp;22. Juni 2020 [an der \u00c9cole primaire publique \u00e0 Buding]).<br \/>\nEbenso waren aufgrund der Reisebeschr\u00e4nkungen durch die Pandemie im Schuljahr 2020\/2021 keine Sch\u00fclerbegegnungen m\u00f6glich.<br \/>\nAufgrund ver\u00e4nderter personeller Umst\u00e4nde an der \u00c9cole primaire publique \u00e0 Buding konnte die Schulpartnerschaft leider ab dem Schuljahr 2021\/2022 nicht fortgef\u00fchrt werden.<\/p>\n<p>Im Schuljahr 2018\/2019 haben folgende Sch\u00fclerbegegnungen zwischen unserer Klasse 3b und der CE3\/CM2 der \u00c9cole primaire publique \u00e0 Buding stattgefunden:<br \/>\n&#8211; 25. M\u00e4rz 2019 (an der Grundschule Trier-Zewen) und<br \/>\n&#8211; 03. Juni 2019 (an der \u00c9cole primaire publique \u00e0 Buding) .<\/p>\n<p>Im Schuljahr 2017\/2018 haben folgende Sch\u00fclerbegegnungen zwischen unserer Klasse 2b und der CE2\/CM1 der \u00c9cole primaire publique \u00e0 Buding stattgefunden:<br \/>\n&#8211; 20. M\u00e4rz 2018 (an der Grundschule Trier-Zewen) und<br \/>\n&#8211; 04. Juni 2018 (an der \u00c9cole primaire publique \u00e0 Buding) .<\/p>\n<p><strong>Besuch der Austauschschule aus Buding am 25.03.2019<br \/>\n<\/strong>Am Montag, den 25.03.2019, war es endlich soweit. Der zweite Austauschtag mit den franz\u00f6sischen Kindern aus Buding war gekommen. In diesem Jahr wurden die Sch\u00fcler nicht an der Schule empfangen, sondern man traf sich um 10.00 Uhr an der Porta Nigra in Trier. So machten sich die Kinder der Klasse 3b mit 4 Eltern, ihrer Lehrerin, ihrem Schulleiter und Leon, unserem FSJ-ler, mit dem Stadtbus auf den Weg zu dem vereinbarten Treffpunkt. Nach ein paar Regentropfen zu Beginn der Fahrt pr\u00e4sentierte sich das Wetter anschlie\u00dfend von seiner sch\u00f6nen Seite. Die Sonne schien, und so warteten die Kinder der Klasse 3b aufgeregt und nerv\u00f6s auf die Ankunft ihrer Austauschsch\u00fcler aus dem franz\u00f6sischen Buding.<br \/>\nNach kurzer Zeit meldete sich Herr Butschan, der nach dem Besuch Ausschau gehalten hatte, telefonisch mit der Nachricht, dass der Besuch bereits angekommen war. Nach einer gef\u00fchlten Ewigkeit des Wartens n\u00e4herten sich dann endlich die franz\u00f6sischen Kinder mit ihren gelben Warnwesten und in Begleitung von Herrn Butschan der Porta Nigra. Auch Frau Ball von \u201c EuRegio SaarLorLux\u201c lie\u00df es sich nicht nehmen, die Kinder zu begr\u00fc\u00dfen, und begleitete sie am Vormittag in der Stadt.<br \/>\nZun\u00e4chst noch sehr sch\u00fcchtern, kam man sich dann bei einem gemeinsamen Fr\u00fchst\u00fcck etwas n\u00e4her. Einige Kinder fragten nach ihren franz\u00f6sischen Brieffreunden und sagten sich Hallo und Salut.<br \/>\nIm Anschluss wurden die Kinder in 5 Gruppen eingeteilt und starteten mit jeweils 2 Erwachsenen die Stadtrallye, die f\u00fcr die franz\u00f6sischen Kinder extra ins Franz\u00f6sische \u00fcbersetzt wurde. So konnten alle Kinder die Informationstexte \u00fcber Trier, die Porta Nigra, Karl Marx, den Hauptmarkt, den Dom, die Basilika und das Kurf\u00fcrstliche Palais, sowie die Kaiserthermen lesen und die dazugeh\u00f6rigen Fragen beantworten. Auch die Erwachsenen lernten ihre Stadt noch etwas n\u00e4her kennen; schaut man sich den Boden genau an, findet man die ein oder andere Petrusfigur auf den Gullideckeln, aber auch auf dem Marktkreuz und dem Brunnen. Die Kinder hatten viel Spa\u00df und waren mit Begeisterung bei der Sache. Alle Fragen konnten beantwortet werden, sodass man sich im Anschluss wieder an der Porta Nigra traf; allerdings nicht ohne der Eisdiele einen Besuch abgestattet zu haben.<br \/>\nZur\u00fcck zur Schule konnten alle mit dem Bus der Franzosen fahren. Dort erwartete die Kinder, dank zahlreicher Kuchen- und Salatspenden sowie einiger M\u00fctter, die das ganze appetitlich angerichtet hatten und bei der Ausgabe halfen, ein abwechslungsreiches Essensangebot, bei dem vor allem die warmen W\u00fcrstchen und der Gurkensalat sowie Muffins und Kuchen gefragt waren.<br \/>\nNachdem sich alle Kinder und Erwachsenen gest\u00e4rkt hatten, konnten die Kinder noch auf dem Schulhof miteinander spielen. Danach versammelten sich alle in der Aula, wo die franz\u00f6sischen Kinder einen Tanz sowie 2 Lieder f\u00fcr ihre deutschen Freunde vorf\u00fchrten. Auch die deutschen Kinder pr\u00e4sentierten einen franz\u00f6sischen Tanz, bei dem das Publikum eifrig mitmachen konnte. Im Anschluss wurden noch gemeinsam die L\u00f6sungen der Stadtrallye besprochen und die Kinder erhielten als kleinen Preis ein T\u00fctchen Gummib\u00e4rchen.<br \/>\nZum Abschluss gestalteten die Kinder in ihren Gruppen vom Vormittag ein deutsch-franz\u00f6sischen Plakat mit bunten Farben. Da dies aus zeitlichen Gr\u00fcnden leider nicht vollendet werden konnte, beschloss man, dies beim Besuch in Frankreich Anfang Juni nachzuholen.<br \/>\nGegen 16.00 Uhr verabschiedeten sich die Kinder voneinander, voller Vorfreude auf den Gegenbesuch im Juni in Buding, bei dem man sich wieder sehen w\u00fcrde.<br \/>\nTrotz unterschiedlicher Sprachen haben die Kinder schnell ihre anf\u00e4ngliche Scheu \u00fcberwunden und sich angeregt und begeistert mit ihren Brieffreunden unterhalten und zusammen gespielt. Das war f\u00fcr die Kinder etwas Besonderes und Einzigartiges, was sie nicht alle Tage geboten bekommen.<br \/>\nEin besonderer Dank gilt Frau Ball von EuRegio, die uns diesen Austausch erm\u00f6glicht hat.<\/p>\n<p>ngg_shortcode_0_placeholderUnd das schreiben unsere Sch\u00fclerinnen zu dem Besuch:<br \/>\n<em><strong>Austauschsch\u00fcler der Klasse 3b<br \/>\n<\/strong>Am 25.03.2019 kamen die franz\u00f6sischen Austauschsch\u00fcler zu uns nach Trier. Wir haben uns an der Porta Nigra getroffen. Dort haben wir uns einander vorgestellt und zusammen gefr\u00fchst\u00fcckt. Als wir zu den Gruppen eingeteilt wurden, ging die Stadtrallye auch schon los. Wir zeigten den Franzosen unsere Denkm\u00e4ler, zum Beispiel: die Porta Nigra, die Basilika und den Dom. Wir sind auch auf dem Domstein gerutscht und jetzt haben wir, laut einer Legende, lebenslang Gl\u00fcck.<\/em><br \/>\n<em>Als die Rallye zu Ende war, haben wir den Franzosen noch ein Eis spendiert. Wir sind dann zur Schule gefahren und haben dort zu Mittag gegessen. Es gab Wiener W\u00fcrstchen, Salate, Kuchen und Muffins. Dann haben wir auf dem Schulhof zusammen gespielt. Im Anschluss sind wir in die Aula gegangen und hatten mit unseren Gruppen vom Vormittag ein Plakat gemalt.<\/em><br \/>\n<em>Die Klasse 3b bedankt sich nochmals bei den Eltern, die mitgeholfen haben.<\/em><br \/>\n<em>(Anna-Jolie Mertz und Lilly Fleck, Klasse 3b)<\/em><\/p>\n<p><b><span style=\"font-family: Arial;\">Besuch von der Austauschschule aus Buding am 20.03.2018<br \/>\n<\/span><\/b> Am Dienstag, den 20.03.2018, warteten die Kinder der Klasse 2b aufgeregt und nerv\u00f6s auf die Ankunft ihrer Austauschsch\u00fcler aus dem franz\u00f6sischen Buding.<br \/>\nNach einer gef\u00fchlten Ewigkeit des Wartens fuhr dann endlich ein gelber Reisebus vor der Schule vor, der von Herrn Butschan freundlich in Empfang genommen wurde. Schnell zogen sich die Kinder der Klasse 2b ihre Jacken an und liefen nach drau\u00dfen, um den franz\u00f6sischen Besuch ebenfalls zu begr\u00fc\u00dfen.<br \/>\nZun\u00e4chst noch sehr sch\u00fcchtern, kam man sich dann bei einem gemeinsamen Fr\u00fchst\u00fcck in der Mensa etwas n\u00e4her. Einige Kinder fragten nach ihren franz\u00f6sischen Brieffreunden und sagten sich \u201eHallo!\u201c und \u201eSalut!\u201c. Dann ging es in die Aula, wo sich die gesamte Schule versammelt hatte, um die franz\u00f6sischen G\u00e4ste mit einer kleinen Begr\u00fc\u00dfungsrede von Frau Zeiger und Madame G\u00e9rard herzlich willkommen zu hei\u00dfen. Nach einem deutschen Fr\u00fchlingslied und einem franz\u00f6sischen Begr\u00fc\u00dfungslied, verabschiedeten sich die anderen Kinder und es blieben nur die franz\u00f6sischen Kinder und die Klasse 2b zur\u00fcck. Eine gro\u00dfe \u00dcberraschung war es, als die franz\u00f6sischen Kinder die B\u00fchne betraten und neben \u201eFr\u00e8re Jaques\u201c und einer Vorstellungsrunde in deutscher Sprache auch noch ein kleines deutsches Theaterst\u00fcck vorf\u00fchrten.<br \/>\nIm Anschluss ging es in den Klassenraum, wo die Kinder sich durch einige Spiele besser kennen lernen sollten. Nat\u00fcrlich durften auch das Fu\u00dfballspielen und andere Aktivit\u00e4ten auf dem Schulhof nicht fehlen, bevor es in die Mensa zum Mittagsb\u00fcfett ging. Dank zahlreicher Kuchen- und Salatspenden sowie einiger M\u00fctter, die das ganze appetitlich anrichteten und bei der Ausgabe halfen, erwartete die Kinder ein abwechslungsreiches Essensangebot, bei dem vor allem die warmen W\u00fcrstchen und der Gurkensalat sowie Muffins und Chips gefragt waren.<br \/>\nKurz nach dem Mittagessen machten sich die Kinder in 3 gemischten Gruppen in kurzen Abst\u00e4nden auf den Weg zu einer Dorfrallye durch Zewen. Bis auf die Gruppe von Frau Hartke, die sich etwas verlaufen hatte und den Spielplatz am Amselweg auf der anderen Moselseite Richtung Konz suchte, kamen alle wieder an der Schule an, wo ein s\u00fc\u00dfer Schatz auf sie wartete.<br \/>\nNach einer weiteren st\u00e4rkenden Mahlzeit am B\u00fcfett wurde noch gemeinsam auf dem Schulhof gespielt und ein abschlie\u00dfendes Gruppenfoto gemacht. Gegen 16.00 Uhr verabschiedeten sich die Kinder voneinander und sowohl die franz\u00f6sischen Kinder aus dem Bus als auch die deutschen Kinder am Stra\u00dfenrand winkten sich strahlend und voller Vorfreude auf den Gegenbesuch im Juni in Buding zu, bei dem man sich wieder sehen w\u00fcrde.<br \/>\nTrotz unterschiedlicher Sprachen haben die Kinder schnell ihre anf\u00e4ngliche Scheu \u00fcberwunden und sich angeregt und begeistert mit ihren Brieffreunden unterhalten und gespielt. Das war f\u00fcr die Kinder etwas Besonderes und Einzigartiges, was sie nicht alle Tage geboten bekommen.<br \/>\nEin besonderer Dank gilt Frau Ball, die uns diesem Austausch erm\u00f6glicht hat und nicht den Weg gescheut hat, uns bei dieser Sch\u00fclerbegegnung in Trier-Zewen zu besuchen.<\/p>\n<p>ngg_shortcode_1_placeholder<a href=\"http:\/\/grundschule-zewen.de\/wp-content\/uploads\/2018\/04\/Visite-Buding-\u00e0-Treves_20mars18.pdf\" target=\"_blank\" rel=\"noopener noreferrer\">Hier<\/a>&nbsp;gelangen Sie zum Bericht von Frau Ball von EuRegio zu dieser Sch\u00fclerbegegnung.<\/p>\n<p><strong>Sch\u00fclerbegegnung in Buding<br \/>\n<\/strong>Am Montag, den 04.06.2018, fand der Gegenbesuch der Klasse 2b in Frankreich statt. Nach knapp 90 Minuten in einem komfortablen Reisebus, der von Herrn Butschan pers\u00f6nlich gefahren wurde, kamen die Kinder und ihre Lehrerinnen in dem kleinen Dorf Buding an. Dort wurden sie von ihren Austauschsch\u00fclern herzlich empfangen und begr\u00fc\u00dft. Nach einer kleinen St\u00e4rkung spielten die Kinder zun\u00e4chst gemeinsam auf dem Schulhof. Im Anschluss gab es eine kleine Vorf\u00fchrung der franz\u00f6sischen Kinder in Form von 2 Liedern. Darauf reagierten die Zweitkl\u00e4ssler der Grundschule Trier-Zewen ebenfalls mit einem Lied und einem Tanz, den die Kinder aus Buding ebenfalls lernen wollten. Nach verschiedenen Spielen auf dem Schulhof und dem Sportplatz gab es ein reichliches B\u00fcfett, vorbereitet von den Eltern der Kinder. Neben dem typisch franz\u00f6sischen Baguette gab es mehrere Salate, W\u00fcrstchen und Kuchen. Ein besonderes Highlight war f\u00fcr die deutschen Kinder der Sirup, der mit Wasser gemischt und getrunken wurde.<br \/>\nNach einer kurzen Pause ging es dann los in den \u201eparc de la Canner\u201c, wo in 4 Gruppen ein Suchspiel stattfand. Mithilfe eines Laufzettels und Fotos mussten verschiedene Standorte gesucht und das dort zu findende Symbol aufgezeichnet werden. Am schnellsten war die Gruppe von Madame G\u00e9rard.<br \/>\nIm Anschluss gab es noch f\u00fcr alle Eis und Kuchen, bevor sich die Zewener Kinder wieder auf den Heimweg machten. Aufgrund der hohen Temperatur und der Sonneneinstrahlung waren alle m\u00fcde, sodass die R\u00fcckfahrt etwas leiser verlief, da einige Kinder die Zeit im Bus zum Schlafen nutzen.<br \/>\nEs war f\u00fcr alle Kinder ein toller Tag mit vielen Eindr\u00fccken. Besonders gefreut hat sich Grundschule Trier-Zewen auch \u00fcber den Besuch von Frau Ball und Herrn Legout, der fr\u00fcher selbst einmal Lehrer in Buding war.<\/p>\n<p>ngg_shortcode_2_placeholder<strong>&nbsp;<\/strong><\/p>\n","protected":false},"excerpt":{"rendered":"<p>Als bilinguale Grundschule nehmen wir teil am Netzwerk zwischen Grundschulen in der Gro\u00dfregion. Hier gelangen Sie zu einem Informationsblatt in deutscher Sprache. Hier gelangen Sie zu einem Informationsblatt in franz\u00f6sischer Sprache. Im Rahmen dieses Netzwerkes haben wir aktuell eine Schulpartnerschaft mit der Ecole primaire Sablon LA SEILLE 199 avenue Andr\u00e9 Malraux F &#8211; 57000 Metz &hellip; <a href=\"https:\/\/grundschule-zewen.de\/?page_id=2561\" class=\"more-link\"><span class=\"screen-reader-text\">Schulpartnerschaft<\/span> weiterlesen <span class=\"meta-nav\">&rarr;<\/span><\/a><\/p>\n","protected":false},"author":2,"featured_media":0,"parent":0,"menu_order":0,"comment_status":"closed","ping_status":"closed","template":"","meta":{"ngg_post_thumbnail":0},"_links":{"self":[{"href":"https:\/\/grundschule-zewen.de\/index.php?rest_route=\/wp\/v2\/pages\/2561"}],"collection":[{"href":"https:\/\/grundschule-zewen.de\/index.php?rest_route=\/wp\/v2\/pages"}],"about":[{"href":"https:\/\/grundschule-zewen.de\/index.php?rest_route=\/wp\/v2\/types\/page"}],"author":[{"embeddable":true,"href":"https:\/\/grundschule-zewen.de\/index.php?rest_route=\/wp\/v2\/users\/2"}],"replies":[{"embeddable":true,"href":"https:\/\/grundschule-zewen.de\/index.php?rest_route=%2Fwp%2Fv2%2Fcomments&post=2561"}],"version-history":[{"count":26,"href":"https:\/\/grundschule-zewen.de\/index.php?rest_route=\/wp\/v2\/pages\/2561\/revisions"}],"predecessor-version":[{"id":8280,"href":"https:\/\/grundschule-zewen.de\/index.php?rest_route=\/wp\/v2\/pages\/2561\/revisions\/8280"}],"wp:attachment":[{"href":"https:\/\/grundschule-zewen.de\/index.php?rest_route=%2Fwp%2Fv2%2Fmedia&parent=2561"}],"curies":[{"name":"wp","href":"https:\/\/api.w.org\/{rel}","templated":true}]}}