{"id":4,"date":"2018-08-01T08:00:42","date_gmt":"2018-08-01T06:00:42","guid":{"rendered":"http:\/\/grundschule-zewen.de\/?page_id=4"},"modified":"2021-05-05T12:31:48","modified_gmt":"2021-05-05T10:31:48","slug":"hausordnung","status":"publish","type":"page","link":"http:\/\/grundschule-zewen.de\/?page_id=4","title":{"rendered":"Hausordnung"},"content":{"rendered":"<h6>Hausordnung der Grundschule Trier-Zewen<\/h6>\n<p>ALLGEMEINE REGELN<br \/>\n1) Wir f\u00fchlen uns verantwortlich f\u00fcr unsere Schule und halten<br \/>\nsie ordentlich und sauber.<br \/>\n2) Wir gehen sorgsam mit den Schulm\u00f6beln um und bemalen und<br \/>\nbesch\u00e4digen sie nicht.<br \/>\n3) In unserer Schule besteht Handyverbot f\u00fcr alle Sch\u00fcler.<br \/>\n4) Wenn wir durch das Schulhaus gehen, achten wir darauf,<br \/>\nR\u00fccksicht auf andere zu nehmen (nicht zu laut, nicht zu schnell,<br \/>\nnicht dr\u00e4ngeln, Vorsicht an den T\u00fcren, nichts werfen)<br \/>\n5) Grunds\u00e4tzlich sind alle Tausch \u2013 und Sammelkarten<br \/>\nan unserer Schule verboten.<br \/>\n<img decoding=\"async\" loading=\"lazy\" class=\"alignnone size-full wp-image-3553\" src=\"http:\/\/grundschule-zewen.de\/wp-content\/uploads\/2018\/08\/Schule.png\" alt=\"\" width=\"159\" height=\"134\"><\/p>\n<p>UMGANG MITEINANDER<br \/>\n1) Wir begr\u00fc\u00dfen uns, wenn wir uns morgens das erste Mal sehen und verabschieden uns am Ende des Unterrichts voneinander.<br \/>\n2) Wir sagen Bitte und Danke.<br \/>\n3) Wir halten uns an die Klassenregeln.<br \/>\n4) Wir gehen freundlich und respektvoll miteinander um, schlie\u00dfen<br \/>\nniemanden aus und l\u00f6sen Konflikte mit Worten.<br \/>\n5) Wir verletzen niemanden absichtlich.<br \/>\nSollten wir jemanden verletzen, entschuldigen wir uns und k\u00fcmmern uns um das verletzte Kind.<br \/>\n<img decoding=\"async\" loading=\"lazy\" class=\"alignnone  wp-image-3555\" src=\"http:\/\/grundschule-zewen.de\/wp-content\/uploads\/2018\/08\/Umgang-miteinander.png\" alt=\"\" width=\"154\" height=\"187\"><\/p>\n<p>PAUSENREGELN<br \/>\n1) Wir achten auf die Pausenaufsicht und h\u00f6ren auf ihre Anweisungen.<br \/>\n2) Wir d\u00fcrfen w\u00e4hrend der Pause nicht ohne Erlaubnis ins<br \/>\nSchulhaus gehen.<br \/>\n3) In der Pause ist das Werfen von Kastanien, Schneeb\u00e4llen oder<br \/>\n\u00c4hnlichem verboten.<br \/>\n4) Wir d\u00fcrfen das Schulgel\u00e4nde nicht ohne Erlaubnis verlassen,<br \/>\nauch nicht um den Ball zu holen.<br \/>\n5) Wir d\u00fcrfen nur am Kletterger\u00fcst klettern, wenn kein<br \/>\nVerbotsschild befestigt ist.<br \/>\n6) Bei Pausenende reagieren wir direkt und stellen uns auf.<br \/>\n7) Wir stehen nicht auf der Tischtennisplatte.<br \/>\n8) In der Regenpause bleiben wir unter dem Dach.<br \/>\nWir spielen kein Fu\u00dfball und halten uns von den Regenrohren fern.<br \/>\n9) Bei Pf\u00fctzen auf dem Schulhof entscheidet die jeweilige Pausenaufsicht, ob Fu\u00dfball gespielt werden darf.<br \/>\n<img decoding=\"async\" loading=\"lazy\" class=\"alignnone size-full wp-image-3554\" src=\"http:\/\/grundschule-zewen.de\/wp-content\/uploads\/2018\/08\/Pausenspiel.png\" alt=\"\" width=\"197\" height=\"184\"><\/p>\n<p>TOILETTENREGELN<br \/>\n1) Die Toilette ist kein Spielplatz.<br \/>\n2) Wir halten die Toilette, die W\u00e4nde, die B\u00f6den und die T\u00fcren sauber.<br \/>\n3) Wir benutzen nur so viel Toilettenpapier, wie wir ben\u00f6tigen.<br \/>\n4) Wir ziehen immer ab und waschen uns anschlie\u00dfend<br \/>\ndie H\u00e4nde mit Seife.<br \/>\n<img decoding=\"async\" loading=\"lazy\" class=\"alignnone size-full wp-image-3556\" src=\"http:\/\/grundschule-zewen.de\/wp-content\/uploads\/2018\/08\/Waschbecken.png\" alt=\"\" width=\"160\" height=\"158\"><\/p>\n<p>ELEKTRISCHE GER\u00c4TE<br \/>\nAlle elektrischen Ger\u00e4te von Sch\u00fclern ( Handy, Smartphone, Smartwatch, IPod, MP3-Player etc.) d\u00fcrfen auf dem Schulgel\u00e4nde nicht genutzt werden und m\u00fcssen ausgeschaltet im Schulranzen verstaut sein.<\/p>\n<p><em>Ma\u00dfnahmen bei Verst\u00f6\u00dfen gegen die Hausordnung<br \/>\n<\/em>Bei einem Versto\u00df gegen die Hausordnung erfolgt ein m\u00fcndlicher Tadel und gegebenenfalls ein Eintrag in das Klassenbuch.<br \/>\nBei wiederholtem Versto\u00df gegen die Hausordnung erfolgt zus\u00e4tzlich ein schriftlicher Verweis und eine Benachrichtigung der Eltern.<br \/>\nBei einem besonders schweren Versto\u00df greift der Ma\u00dfnahmenkatalog der Schulordnung, wie Untersagung der Teilnahme am Unterricht und Schulausschluss. Jeder ist zur Wiedergutmachung eines von ihm angerichteten Schadens verpflichtet.<\/p>\n<p>Trier-Zewen, August 2018<br \/>\nerg\u00e4nzt im April 2021<\/p>\n","protected":false},"excerpt":{"rendered":"<p>Hausordnung der Grundschule Trier-Zewen ALLGEMEINE REGELN 1) Wir f\u00fchlen uns verantwortlich f\u00fcr unsere Schule und halten sie ordentlich und sauber. 2) Wir gehen sorgsam mit den Schulm\u00f6beln um und bemalen und besch\u00e4digen sie nicht. 3) In unserer Schule besteht Handyverbot f\u00fcr alle Sch\u00fcler. 4) Wenn wir durch das Schulhaus gehen, achten wir darauf, R\u00fccksicht auf &hellip; <a href=\"http:\/\/grundschule-zewen.de\/?page_id=4\" class=\"more-link\"><span class=\"screen-reader-text\">Hausordnung<\/span> weiterlesen <span class=\"meta-nav\">&rarr;<\/span><\/a><\/p>\n","protected":false},"author":1,"featured_media":0,"parent":0,"menu_order":0,"comment_status":"closed","ping_status":"closed","template":"","meta":{"ngg_post_thumbnail":0},"_links":{"self":[{"href":"http:\/\/grundschule-zewen.de\/index.php?rest_route=\/wp\/v2\/pages\/4"}],"collection":[{"href":"http:\/\/grundschule-zewen.de\/index.php?rest_route=\/wp\/v2\/pages"}],"about":[{"href":"http:\/\/grundschule-zewen.de\/index.php?rest_route=\/wp\/v2\/types\/page"}],"author":[{"embeddable":true,"href":"http:\/\/grundschule-zewen.de\/index.php?rest_route=\/wp\/v2\/users\/1"}],"replies":[{"embeddable":true,"href":"http:\/\/grundschule-zewen.de\/index.php?rest_route=%2Fwp%2Fv2%2Fcomments&post=4"}],"version-history":[{"count":6,"href":"http:\/\/grundschule-zewen.de\/index.php?rest_route=\/wp\/v2\/pages\/4\/revisions"}],"predecessor-version":[{"id":5968,"href":"http:\/\/grundschule-zewen.de\/index.php?rest_route=\/wp\/v2\/pages\/4\/revisions\/5968"}],"wp:attachment":[{"href":"http:\/\/grundschule-zewen.de\/index.php?rest_route=%2Fwp%2Fv2%2Fmedia&parent=4"}],"curies":[{"name":"wp","href":"https:\/\/api.w.org\/{rel}","templated":true}]}}